{"id":1368,"date":"2021-08-10T19:42:39","date_gmt":"2021-08-10T19:42:39","guid":{"rendered":"https:\/\/www.tiendairontech.cl\/index.php\/producto\/tableta-digitalizadora-g960s\/"},"modified":"2021-09-10T19:07:58","modified_gmt":"2021-09-10T19:07:58","slug":"tableta-digitalizadora-g960s","status":"publish","type":"product","link":"https:\/\/www.tiendairontech.cl\/index.php\/producto\/tableta-digitalizadora-g960s\/","title":{"rendered":"TABLETA DIGITALIZADORA G960S"},"content":{"rendered":"","protected":false},"excerpt":{"rendered":"<p>LA STAR G960S PLUS ES UNA TABLETA DIGITALIZADORA MEDIANA, APENAS M\u00c1S GRANDE QUE SU OTRA VERSI\u00d3N, CON UN \u00c1REA DE TRABAJO DE 9X6 PULGADAS. ES COMPATIBLE CON MICROSOFT OFFICE POR LO QUE PUEDE ESCRIBIR CON TINTA Y, A LA VEZ, PRESENTAR VISUALMENTE SUS NOTAS ESCRITAS A MANO Y SU FIRMA. IDEAL PARA LA OFICINA SIN PAPELES O PARA EDUCACI\u00d3N VIRTUAL. SENSIBILIDAD DE PRESI\u00d3N: 8192. CONECTIVIDAD USB.<\/p>\n","protected":false},"featured_media":1021,"comment_status":"open","ping_status":"closed","template":"","meta":[],"product_brand":[],"product_cat":[72],"product_tag":[],"class_list":{"0":"post-1368","1":"product","2":"type-product","3":"status-publish","4":"has-post-thumbnail","6":"product_cat-index_multimedia","8":"first","9":"instock","10":"taxable","11":"shipping-taxable","12":"purchasable","13":"product-type-simple"},"yoast_head":"<!-- This site is optimized with the Yoast SEO plugin v27.4 - https:\/\/yoast.com\/product\/yoast-seo-wordpress\/ -->\n<title>TABLETA DIGITALIZADORA G960S -<\/title>\n<meta name=\"robots\" content=\"index, follow, max-snippet:-1, max-image-preview:large, max-video-preview:-1\" \/>\n<link rel=\"canonical\" href=\"https:\/\/www.tiendairontech.cl\/index.php\/producto\/tableta-digitalizadora-g960s\/\" \/>\n<meta property=\"og:locale\" content=\"es_ES\" \/>\n<meta property=\"og:type\" content=\"article\" \/>\n<meta property=\"og:title\" content=\"TABLETA DIGITALIZADORA G960S -\" \/>\n<meta property=\"og:description\" content=\"LA STAR G960S PLUS ES UNA TABLETA DIGITALIZADORA MEDIANA, APENAS M\u00c1S GRANDE QUE SU OTRA VERSI\u00d3N, CON UN \u00c1REA DE TRABAJO DE 9X6 PULGADAS. ES COMPATIBLE CON MICROSOFT OFFICE POR LO QUE PUEDE ESCRIBIR CON TINTA Y, A LA VEZ, PRESENTAR VISUALMENTE SUS NOTAS ESCRITAS A MANO Y SU FIRMA. IDEAL PARA LA OFICINA SIN PAPELES O PARA EDUCACI\u00d3N VIRTUAL. SENSIBILIDAD DE PRESI\u00d3N: 8192. CONECTIVIDAD USB.\" \/>\n<meta property=\"og:url\" content=\"https:\/\/www.tiendairontech.cl\/index.php\/producto\/tableta-digitalizadora-g960s\/\" \/>\n<meta property=\"article:modified_time\" content=\"2021-09-10T19:07:58+00:00\" \/>\n<meta property=\"og:image\" content=\"https:\/\/www.tiendairontech.cl\/wp-content\/uploads\/2021\/08\/COMMUL7.jpg.jpg\" \/>\n\t<meta property=\"og:image:width\" content=\"322\" \/>\n\t<meta property=\"og:image:height\" content=\"157\" \/>\n\t<meta property=\"og:image:type\" content=\"image\/jpeg\" \/>\n<meta name=\"twitter:card\" content=\"summary_large_image\" \/>\n<script type=\"application\/ld+json\" class=\"yoast-schema-graph\">{\"@context\":\"https:\\\/\\\/schema.org\",\"@graph\":[{\"@type\":\"WebPage\",\"@id\":\"https:\\\/\\\/www.tiendairontech.cl\\\/index.php\\\/producto\\\/tableta-digitalizadora-g960s\\\/\",\"url\":\"https:\\\/\\\/www.tiendairontech.cl\\\/index.php\\\/producto\\\/tableta-digitalizadora-g960s\\\/\",\"name\":\"TABLETA DIGITALIZADORA G960S -\",\"isPartOf\":{\"@id\":\"https:\\\/\\\/www.tiendairontech.cl\\\/#website\"},\"primaryImageOfPage\":{\"@id\":\"https:\\\/\\\/www.tiendairontech.cl\\\/index.php\\\/producto\\\/tableta-digitalizadora-g960s\\\/#primaryimage\"},\"image\":{\"@id\":\"https:\\\/\\\/www.tiendairontech.cl\\\/index.php\\\/producto\\\/tableta-digitalizadora-g960s\\\/#primaryimage\"},\"thumbnailUrl\":\"https:\\\/\\\/www.tiendairontech.cl\\\/wp-content\\\/uploads\\\/2021\\\/08\\\/COMMUL7.jpg.jpg\",\"datePublished\":\"2021-08-10T19:42:39+00:00\",\"dateModified\":\"2021-09-10T19:07:58+00:00\",\"breadcrumb\":{\"@id\":\"https:\\\/\\\/www.tiendairontech.cl\\\/index.php\\\/producto\\\/tableta-digitalizadora-g960s\\\/#breadcrumb\"},\"inLanguage\":\"es-CL\",\"potentialAction\":[{\"@type\":\"ReadAction\",\"target\":[\"https:\\\/\\\/www.tiendairontech.cl\\\/index.php\\\/producto\\\/tableta-digitalizadora-g960s\\\/\"]}]},{\"@type\":\"ImageObject\",\"inLanguage\":\"es-CL\",\"@id\":\"https:\\\/\\\/www.tiendairontech.cl\\\/index.php\\\/producto\\\/tableta-digitalizadora-g960s\\\/#primaryimage\",\"url\":\"https:\\\/\\\/www.tiendairontech.cl\\\/wp-content\\\/uploads\\\/2021\\\/08\\\/COMMUL7.jpg.jpg\",\"contentUrl\":\"https:\\\/\\\/www.tiendairontech.cl\\\/wp-content\\\/uploads\\\/2021\\\/08\\\/COMMUL7.jpg.jpg\",\"width\":322,\"height\":157},{\"@type\":\"BreadcrumbList\",\"@id\":\"https:\\\/\\\/www.tiendairontech.cl\\\/index.php\\\/producto\\\/tableta-digitalizadora-g960s\\\/#breadcrumb\",\"itemListElement\":[{\"@type\":\"ListItem\",\"position\":1,\"name\":\"Portada\",\"item\":\"https:\\\/\\\/www.tiendairontech.cl\\\/\"},{\"@type\":\"ListItem\",\"position\":2,\"name\":\"Tienda\",\"item\":\"https:\\\/\\\/www.tiendairontech.cl\\\/?page_id=11\"},{\"@type\":\"ListItem\",\"position\":3,\"name\":\"TABLETA DIGITALIZADORA G960S\"}]},{\"@type\":\"WebSite\",\"@id\":\"https:\\\/\\\/www.tiendairontech.cl\\\/#website\",\"url\":\"https:\\\/\\\/www.tiendairontech.cl\\\/\",\"name\":\"\",\"description\":\"\",\"potentialAction\":[{\"@type\":\"SearchAction\",\"target\":{\"@type\":\"EntryPoint\",\"urlTemplate\":\"https:\\\/\\\/www.tiendairontech.cl\\\/?s={search_term_string}\"},\"query-input\":{\"@type\":\"PropertyValueSpecification\",\"valueRequired\":true,\"valueName\":\"search_term_string\"}}],\"inLanguage\":\"es-CL\"}]}<\/script>\n<!-- \/ Yoast SEO plugin. -->","yoast_head_json":{"title":"TABLETA DIGITALIZADORA G960S -","robots":{"index":"index","follow":"follow","max-snippet":"max-snippet:-1","max-image-preview":"max-image-preview:large","max-video-preview":"max-video-preview:-1"},"canonical":"https:\/\/www.tiendairontech.cl\/index.php\/producto\/tableta-digitalizadora-g960s\/","og_locale":"es_ES","og_type":"article","og_title":"TABLETA DIGITALIZADORA G960S -","og_description":"LA STAR G960S PLUS ES UNA TABLETA DIGITALIZADORA MEDIANA, APENAS M\u00c1S GRANDE QUE SU OTRA VERSI\u00d3N, CON UN \u00c1REA DE TRABAJO DE 9X6 PULGADAS. ES COMPATIBLE CON MICROSOFT OFFICE POR LO QUE PUEDE ESCRIBIR CON TINTA Y, A LA VEZ, PRESENTAR VISUALMENTE SUS NOTAS ESCRITAS A MANO Y SU FIRMA. IDEAL PARA LA OFICINA SIN PAPELES O PARA EDUCACI\u00d3N VIRTUAL. SENSIBILIDAD DE PRESI\u00d3N: 8192. CONECTIVIDAD USB.","og_url":"https:\/\/www.tiendairontech.cl\/index.php\/producto\/tableta-digitalizadora-g960s\/","article_modified_time":"2021-09-10T19:07:58+00:00","og_image":[{"width":322,"height":157,"url":"https:\/\/www.tiendairontech.cl\/wp-content\/uploads\/2021\/08\/COMMUL7.jpg.jpg","type":"image\/jpeg"}],"twitter_card":"summary_large_image","schema":{"@context":"https:\/\/schema.org","@graph":[{"@type":"WebPage","@id":"https:\/\/www.tiendairontech.cl\/index.php\/producto\/tableta-digitalizadora-g960s\/","url":"https:\/\/www.tiendairontech.cl\/index.php\/producto\/tableta-digitalizadora-g960s\/","name":"TABLETA DIGITALIZADORA G960S -","isPartOf":{"@id":"https:\/\/www.tiendairontech.cl\/#website"},"primaryImageOfPage":{"@id":"https:\/\/www.tiendairontech.cl\/index.php\/producto\/tableta-digitalizadora-g960s\/#primaryimage"},"image":{"@id":"https:\/\/www.tiendairontech.cl\/index.php\/producto\/tableta-digitalizadora-g960s\/#primaryimage"},"thumbnailUrl":"https:\/\/www.tiendairontech.cl\/wp-content\/uploads\/2021\/08\/COMMUL7.jpg.jpg","datePublished":"2021-08-10T19:42:39+00:00","dateModified":"2021-09-10T19:07:58+00:00","breadcrumb":{"@id":"https:\/\/www.tiendairontech.cl\/index.php\/producto\/tableta-digitalizadora-g960s\/#breadcrumb"},"inLanguage":"es-CL","potentialAction":[{"@type":"ReadAction","target":["https:\/\/www.tiendairontech.cl\/index.php\/producto\/tableta-digitalizadora-g960s\/"]}]},{"@type":"ImageObject","inLanguage":"es-CL","@id":"https:\/\/www.tiendairontech.cl\/index.php\/producto\/tableta-digitalizadora-g960s\/#primaryimage","url":"https:\/\/www.tiendairontech.cl\/wp-content\/uploads\/2021\/08\/COMMUL7.jpg.jpg","contentUrl":"https:\/\/www.tiendairontech.cl\/wp-content\/uploads\/2021\/08\/COMMUL7.jpg.jpg","width":322,"height":157},{"@type":"BreadcrumbList","@id":"https:\/\/www.tiendairontech.cl\/index.php\/producto\/tableta-digitalizadora-g960s\/#breadcrumb","itemListElement":[{"@type":"ListItem","position":1,"name":"Portada","item":"https:\/\/www.tiendairontech.cl\/"},{"@type":"ListItem","position":2,"name":"Tienda","item":"https:\/\/www.tiendairontech.cl\/?page_id=11"},{"@type":"ListItem","position":3,"name":"TABLETA DIGITALIZADORA G960S"}]},{"@type":"WebSite","@id":"https:\/\/www.tiendairontech.cl\/#website","url":"https:\/\/www.tiendairontech.cl\/","name":"","description":"","potentialAction":[{"@type":"SearchAction","target":{"@type":"EntryPoint","urlTemplate":"https:\/\/www.tiendairontech.cl\/?s={search_term_string}"},"query-input":{"@type":"PropertyValueSpecification","valueRequired":true,"valueName":"search_term_string"}}],"inLanguage":"es-CL"}]}},"_links":{"self":[{"href":"https:\/\/www.tiendairontech.cl\/index.php\/wp-json\/wp\/v2\/product\/1368","targetHints":{"allow":["GET"]}}],"collection":[{"href":"https:\/\/www.tiendairontech.cl\/index.php\/wp-json\/wp\/v2\/product"}],"about":[{"href":"https:\/\/www.tiendairontech.cl\/index.php\/wp-json\/wp\/v2\/types\/product"}],"replies":[{"embeddable":true,"href":"https:\/\/www.tiendairontech.cl\/index.php\/wp-json\/wp\/v2\/comments?post=1368"}],"wp:featuredmedia":[{"embeddable":true,"href":"https:\/\/www.tiendairontech.cl\/index.php\/wp-json\/wp\/v2\/media\/1021"}],"wp:attachment":[{"href":"https:\/\/www.tiendairontech.cl\/index.php\/wp-json\/wp\/v2\/media?parent=1368"}],"wp:term":[{"taxonomy":"product_brand","embeddable":true,"href":"https:\/\/www.tiendairontech.cl\/index.php\/wp-json\/wp\/v2\/product_brand?post=1368"},{"taxonomy":"product_cat","embeddable":true,"href":"https:\/\/www.tiendairontech.cl\/index.php\/wp-json\/wp\/v2\/product_cat?post=1368"},{"taxonomy":"product_tag","embeddable":true,"href":"https:\/\/www.tiendairontech.cl\/index.php\/wp-json\/wp\/v2\/product_tag?post=1368"}],"curies":[{"name":"wp","href":"https:\/\/api.w.org\/{rel}","templated":true}]}}